n u is divided by 12.
10
Suppose -97 + 282 = 5*i. Suppose 1282*b - 4*k = 1286*b - 368, -3*k - 199 = -2*b. What is the remainder when b is divided by i?
21
Let o(p) be the first derivative of p**3/3 - p**2/2 + 7*p + 1. What is the remainder when o(3) is divided by 8?
5
Suppose -11*a + 282 + 158 = 0. Calculate the remainder when 71 is divided by (-110)/(-8) + ((-50)/a)/(-1).
11
Suppose -15 = -17*z + 22*z. Calculate the remainder when 300/(-20)*(-124)/(-18)*z is divided by 24.
22
Let r be 3*(-10)/(-6) + 0. Suppose -2*c + 2*y - 2 = 0, -y - 10 = 2*c - r*y. Suppose 53*w = 187 - 28. What is the remainder when c is divided by w?
0
Let u = -6188 + 6249. Calculate the remainder when 216 is divided by u.
33
Suppose 0*r = 2*r - 72. Calculate the remainder when (1617/385)/(3 + 2448/(-820)) is divided by r.
35
Suppose -2*n + 0*n + 20 = 0. Let v = -562 + 650. Suppose -2*l + 1 + 5 = 0, v = 5*k + l. Calculate the remainder when k is divided by n.
7
Let k = 18089 - 18044. What is the remainder when 328 is divided by k?
13
Suppose 0 = 4*g + 2*p - 820, 135*g - 137*g - 5*p = -418. Calculate the remainder when 222 is divided by g.
18
Let h(g) = 11*g**2 + 107*g - 933. Calculate the remainder when h(8) is divided by 57.
0
Let o(l) = -l**2 + 25*l - 134. What is the remainder when ((-1)/2)/((-1)/218) is divided by o(13)?
21
Let k = -14052 + 20514. What is the remainder when k is divided by 16?
14
Let x = -245 + 245. Suppose x = 6*p - 16 - 68. Calculate the remainder when 46 is divided by p.
4
Suppose -10 = -20*o + 15*o. What is the remainder when 39 is divided by (2 + 0/o)/((-16)/(-160))?
19
Suppose 0 = 39*y - 182 + 44 - 993. What is the remainder when 1969 is divided by y?
26
Let z(y) be the first derivative of y**4/4 + 2*y**3/3 - y**2/2 - 2*y - 6. Let h be z(0). Let p(b) = -11*b + 8. What is the remainder when p(h) is divided by 11?
8
Suppose 0 = -2*g + 8, 832 = 4*v + 2918*g - 2923*g. What is the remainder when v is divided by 197?
16
Let c(p) = -p**3 - 12*p**2 + 14*p + 14. Let a be c(-13). Let s = a + 3. What is the remainder when (-4095)/(-270) - 1/6 is divided by s?
3
Let q(z) = -119*z + 107. Let w be q(-8). Suppose -2*a + w = 5*f + 349, 4*a = -4*f + 580. Calculate the remainder when f is divided by 48.
44
Suppose 139*b = 143*b - 340. Let k = 5 - 1. Calculate the remainder when b is divided by (-1)/12*-87*k.
27
Calculate the remainder when 773 is divided by ((-10)/21*3)/(-2*(-2)/(-56)).
13
Suppose 255719 = 158*x + 94401. What is the remainder when x is divided by 259?
244
Let f be 3/9*(-8 - -107). Let i be (15/(-5))/(9/(-6)). Suppose -i*x = -f - 29. What is the remainder when 91 is divided by x?
29
Let m(u) = 3*u**2 - 67*u - 1578. What is the remainder when m(42) is divided by 95?
45
Suppose 5*z - 5 = h, 6*h - 3*h - 18 = 4*z. Let l = 190 - 122. What is the remainder when l is divided by h?
8
Let u(b) = b**3 + 14*b - 129. What is the remainder when 142 is divided by u(5)?
10
Let g(q) = -q**3 + 5*q**2 - q + 4. Let c be g(5). Let v(y) = 78*y**2 + 3*y + 1. Let p be v(c). What is the remainder when 3553/p + 1/4 is divided by 4?
3
Suppose 565 = 335*h - 336*h. Let q = 573 + h. Calculate the remainder when 77 is divided by q.
5
Suppose 0 = -3*w - 194 + 47. Let u = 52 + w. Calculate the remainder when 21 is divided by -6 + 2 - (u - 19).
9
Suppose -2*u + 37*u + 1221 - 1676 = 0. Let f(q) = 23*q**2 + 6*q + 5. Calculate the remainder when f(-4) is divided by u.
11
Let c = -305 + 287. Calculate the remainder when 90 is divided by 6/c*2*-69.
44
Let p be (-1677)/156*(2 + 3 + -1). Let z = 51 + p. Calculate the remainder when 54 is divided by z.
6
Suppose -9*a + 166 = -608. Let g = a + -75. Suppose g*f = -39 + 424. What is the remainder when 66 is divided by f?
31
Suppose 3219 + 7586 + 535 = 378*z. What is the remainder when 554 is divided by z?
14
Suppose 3*u = 13*f - 4*f - 615, -f + 4*u = -83. Calculate the remainder when 2340 is divided by f.
62
Suppose -19 + 46 = -0*v + v. What is the remainder when 375 is divided by v?
24
Let u(o) = o**3 - 13*o**2 + 9*o + 9. Let s be u(9). Let y be (-4 - -5)/(3/s). What is the remainder when 41 is divided by 62/4 - y/(-52)?
13
Suppose 331*v + 109*v + 17*v = 83631. Calculate the remainder when v is divided by (-6)/21 - (-704)/14.
33
Let m(c) = -1390*c - 2759. Suppose -162 - 113 = -5*v. Calculate the remainder when v is divided by m(-2).
13
Let i be (-3 + 1)*116/8. Let l = -14 - i. Let g = -52105 - -52133. Calculate the remainder when g is divided by l.
13
Let c be -4 + 7 - (2/(-2) - 38). What is the remainder when 69 is divided by 141*7*2/c?
22
Suppose -h - 284 = 4*t - t, 4*t + 396 = 3*h. Let g = t - -100. Suppose g*l - 67 = 93. Calculate the remainder when l is divided by 22.
18
Let o = -162 + 162. Let h(u) = -u**3 + 2*u + 134. What is the remainder when h(o) is divided by ((-102)/9)/((-2)/6)?
32
Suppose -u = -3*o - 19 - 1, 5*u + 2*o - 66 = 0. Suppose -u*s + 2179 = 849. Calculate the remainder when s is divided by 15.
5
Suppose -4*s = -3*c + 230, 0 = 3*c + 3*s - 5*s - 220. Suppose 0*z + c = 4*t + 3*z, -9 = -t - 5*z. Calculate the remainder when 147 is divided by t.
14
Let d(p) = -p**2 + 79*p - 1104. What is the remainder when 297 is divided by d(59)?
69
Let g(i) = -i**2 + 22*i - 15. Suppose -10*m + 274 = -96. Calculate the remainder when m is divided by g(21).
1
Let h = 7733 + -7576. What is the remainder when h is divided by 18?
13
Suppose 4650 + 15367 + 51985 = 37*k. Calculate the remainder when k is divided by 75.
71
Let w(h) = -h**3 + 3*h**2 + 3*h + 5. Let i be w(4). What is the remainder when 83 is divided by i/((-6)/4) - (-689)/39?
15
Suppose 132676 + 56908 = 82*l. Calculate the remainder when l is divided by 193.
189
Let v(w) = 22*w - 116. Let j be v(9). Calculate the remainder when 558 is divided by (4 - j*(-6)/(-24))*-2.
30
Let u = -217 + -91. Let d = 388 + u. Calculate the remainder when 309 is divided by d.
69
What is the remainder when 1773 is divided by (-9)/45 + 78/15?
3
Let u = 1336 - 1144. What is the remainder when 764 is divided by u?
188
Let y be 3/12*4 - -50. What is the remainder when 17 is divided by (68/y)/(4/6)?
1
Calculate the remainder when 442 is divided by (-60)/(-10)*(2 - 1).
4
Suppose 3*v = 2*i + 33, 6*i = i. Suppose 0 = -14*s + v*s + 12. What is the remainder when 13 is divided by s?
1
Calculate the remainder when -2*(-64)/3*171/38 is divided by 39.
36
Let v(p) = -2*p**3 - 5*p**2 - 8*p - 11. Let q = 180 + -185. Calculate the remainder when v(q) is divided by 32.
26
Let q = -704 + 1753. Suppose 5*h - q = -359. Let o = -1096613 - -1096649. Calculate the remainder when h is divided by o.
30
Let f = 4411 + -3585. Calculate the remainder when f is divided by 236.
118
Suppose -145 + 35 = i. Suppose 5*n + 370 = -215. Let h = i - n. What is the remainder when 90 is divided by h?
6
Let k(o) = o**3 - 15*o**2 + 16*o + 128. What is the remainder when 4833 is divided by k(14)?
153
Suppose -35*o + 61*o = 4862. Calculate the remainder when o is divided by 96.
91
Let z(d) = d. Let w(b) = 18 + 27*b + 17 - 33*b + 24*b. Let a(t) = -w(t) + 4*z(t). What is the remainder when a(-7) is divided by 33?
30
Let k(g) = -3 + g**2 + 4 + 39*g - 4*g**2 + 2 - g**2. What is the remainder when 149 is divided by k(9)?
29
Suppose r - 3*p = -35 + 56, 0 = 2*r - 4*p - 32. Calculate the remainder when 1251 is divided by r.
3
Let w be 8 + 2 + -1 + -5. Calculate the remainder when -4 - (w/(-2))/((-24)/(-156)) is divided by 2.
1
Let o = -9409 - -9434. What is the remainder when 2947 is divided by o?
22
Let b(k) = 5*k - 1. Let h be b(-4). Calculate the remainder when 34 is divided by (-1)/(-3) - (-3 + 329/h).
15
Calculate the remainder when ((-9843)/(-255))/((-1)/(-5)) is divided by 68.
57
Let o = -59 - -62. Let w(m) = 15*m + 3. What is the remainder when w(o) is divided by 18?
12
Let u(h) = -41*h - 1711. Calculate the remainder when u(-53) is divided by 43.
32
Let b = -368 + 367. What is the remainder when 98 is divided by (-14)/28*(b + -21)?
10
Let v(s) = -s**2 + 29*s + 52. Let m = 67 + -56. What is the remainder when v(26) is divided by m?
9
Let w = 2896 - 2806. What is the remainder when w is divided by (-495)/(-105) - 2/(-7)?
0
Suppose -2*f - n - 188 = -502, 746 = 5*f - 4*n. What is the remainder when 3541 is divided by f?
153
Let s(l) = -2172*l -